rue
Suppose 128*i + 3943554 = 25*i + 16759535. Is i composite?
False
Is (-310)/31 - (-18627 + 0) a composite number?
False
Suppose -4*d = -5*a - 30, -18 = 3*a - 0*d - d. Is ((-189)/18)/(-7)*(-25396)/a a composite number?
True
Let b(v) = -37710*v + 277. Is b(-8) prime?
False
Suppose k = 6*k + 3865. Let w = 686 - k. Is w a prime number?
True
Suppose 16642 = 50*x - 43758. Let n = x + 3233. Is n a composite number?
False
Let g(m) = m**3 + 5*m**2 - m - 8. Let c be g(-5). Let l(a) = 100*a**2 - 4*a - 1. Is l(c) a composite number?
False
Let c be (-4)/(-1) - (1 + 2 + 0). Is (-8)/(c - -1)*(-782)/8 composite?
True
Suppose -3*q + 3*m + 30 = 0, -2*m = -8*q + 3*q + 50. Is (3 + 14563)*5/q a prime number?
True
Suppose -189 = 3*f - 0*f. Let n = 63 + f. Suppose -2*j + 3366 = v + v, 2*v - j - 3354 = n. Is v prime?
False
Suppose 0 = 5*j - 10*j - 5. Let x be ((-3)/9)/(j/3). Is 3735/30*(1 + x) a prime number?
False
Suppose 2*n - 9*n = 4*a - 23101, -4*n + a = -13194. Is n prime?
True
Suppose 5*v - o + 5*o = 41, 4*o - 11 = v. Suppose 0 = -5*n - 4*q - q + 10065, 10070 = v*n + 4*q. Suppose -2826 = -4*g + n. Is g composite?
True
Let r = 23985 - -999812. Is r a composite number?
True
Let v be 1/(-2) - (-564)/8. Let k = v + -69. Is (-7 - (-8596)/35)/(k/5) a prime number?
True
Suppose f = -1403 + 12617. Suppose 47*d - 51*d + 2*s = -52, -5*d + 39 = 4*s. Suppose 12095 = d*h - f. Is h prime?
False
Suppose -186167 = -136*p + 119*p. Is p prime?
False
Let b(m) be the third derivative of -m**6/120 - m**5/30 + 13*m**4/24 + 3*m**3/2 - 33*m**2. Let p be b(-5). Suppose p*o = 14*o + 6295. Is o a prime number?
True
Let i = 167 + -159. Is (6 + -3 - i) + 3696 prime?
True
Let d(k) = 3172*k**2 + 1. Let g be d(-1). Let v = -1986 + g. Suppose -4*p - 3*x + 214 = -975, 5*x - v = -4*p. Is p a composite number?
True
Let r = 7488 + -925. Is r a prime number?
True
Let b be (-1 - -65421)*(-55)/(-220). Let l = b - 7692. Is l composite?
False
Let j(v) = -8*v + 18. Let h = 34 + -38. Let y be 21*h/4 - -1. Is j(y) a composite number?
True
Suppose 0 = -s - 5*n + 4734, 5*s = 4*n - n + 23782. Suppose 8*w - s = 7*w. Is w a composite number?
True
Let k(f) = 7419*f + 2940. Is k(51) prime?
False
Suppose 10 = -2*a + 16. Let f be (-30 - a)*14/(-21). Let w = 153 - f. Is w a prime number?
True
Suppose 24*x - 27*x - 12 = 0. Is x - -7904 - (-5 + (-24)/(-6)) a composite number?
False
Suppose 16*y - 43 = 21. Suppose -5*q = y*d - 13853, 2*d + 10356 = 5*d - 3*q. Is d composite?
False
Is (2474379/(-18))/((-3)/(-4)*46/(-69)) a composite number?
False
Let s(w) = 36*w**2 + 39*w + 52. Let k be s(23). Let a = k + -10766. Is a prime?
True
Is (4675/(-225) - -21)/((-2)/(-5156451)) a prime number?
True
Let d be -3 - 3 - (18 + -23). Is 6 + -12 - -25846 - d composite?
False
Let h(f) = 38*f - 2. Let g be h(-2). Let b = 768 - 427. Let o = g + b. Is o a composite number?
False
Suppose 156*v + 2345902 = 98*v + 84*v. Is v prime?
True
Let f = -80991 + 131869. Is f composite?
True
Suppose n + 5*v = -4*n + 28920, -4*n - 5*v + 23141 = 0. Is n prime?
True
Suppose n + 267 + 299 = -4*b, -n - 558 = -4*b. Suppose 0 = 4*f - 2*f - o + 617, -5*f = -2*o + 1542. Let j = f - n. Is j a composite number?
True
Let x(t) be the third derivative of -1219*t**4/24 - t**3 + 35*t**2 - 1. Is x(-1) composite?
False
Suppose 315241 = x + 5*r, -945755 = -3*x - 16*r + 17*r. Is x prime?
True
Let m(t) = -136*t - 2147. Is m(-163) a prime number?
True
Suppose 0 = 4*i - 16, -32 = 15*h - 19*h + i. Suppose 3*f - 7*f + 48 = 0. Suppose -99 = -f*y + h*y. Is y a prime number?
False
Suppose -7*b = -16*b + 27. Suppose 2*o - 1105 = -b*g, -8*o - 3*g + 2207 = -4*o. Is o prime?
False
Let j(i) = -11*i + 33. Let o be j(3). Let p(v) = -v**3 + v**2 - 2*v + 3641. Is p(o) a composite number?
True
Is 120022 + 1 - (-200)/(925/37) a composite number?
True
Let f be (0 + 1)*(-42 - -42). Suppose -15*s + 8948 + 10837 = f. Is s composite?
False
Let s(q) be the third derivative of 43*q**4/6 - q**3/2 + 55*q**2 + 2. Is s(2) a prime number?
False
Suppose 7*a + 5*g = 3*a + 255, -3*a + 186 = 2*g. Let n = a - 128. Is n/17*(-373)/4 composite?
False
Suppose -12*l + 10711 = -15557. Suppose -3*f - 5*g + l = -2*f, 5*f = -5*g + 10905. Is f a prime number?
True
Let l(j) = 2*j**2 + 10*j - 7. Let f be l(-7). Let n be 3/(-9) - f/(-9). Is (3 + 3140)/(n + -1) a composite number?
True
Suppose -2*j - 3*j = -2*s + 9, -s = -j. Let n(c) = -717*c + 10. Is n(s) a composite number?
False
Suppose -y + 19 = 19. Suppose -4*a - 5*i + 9031 = y, -i = 4*a - 5*a + 2260. Suppose 5*g - 14*g + a = 0. Is g a composite number?
False
Let l be (-123)/(-6)*1*-2. Let v = l - -40. Is -2 + v - (-4280)/5 a composite number?
False
Let d(g) = 6*g**2 + 8*g + 29. Let z(b) be the first derivative of -b**3/3 + b**2 - b + 3. Let p(j) = -d(j) - 5*z(j). Is p(-11) prime?
True
Suppose -5*f = 15, -b + 13 - 1 = -4*f. Suppose 22*p - 57926 = -b*p. Is p prime?
True
Let o(j) = j**2 - 46*j + 88. Let m be o(44). Suppose 4*q - 6*q + 16526 = m. Is q prime?
True
Let x(k) = 71*k - 17. Let s be x(4). Let a = 2894 - s. Is a composite?
True
Suppose -z = 753 + 296. Let o = z - 49. Let n = 2477 + o. Is n prime?
False
Let a = -108 + 113. Suppose 0 = a*d + 3*k - 1908 - 3078, 0 = 2*d - 5*k - 1982. Suppose -d = 13*o - 3739. Is o prime?
True
Let j(k) = -456*k**3 - 3*k**2 - 6*k + 16. Is j(-3) a composite number?
True
Let h = 902330 - -39047. Is h a composite number?
True
Suppose 84*c + 754455 = 6841418 + 21860761. Is c composite?
False
Let i = 219662 + -87703. Is i a prime number?
True
Let b(c) = -c**2 - 73*c + 67. Let j(h) = 3*h**2 + 214*h - 202. Let u(s) = 8*b(s) + 3*j(s). Is u(41) a composite number?
False
Suppose -5*p = w + 15, w - 15 = -0*w + 5*p. Suppose w = 4*b - 0*b + b. Suppose b = -2*q + 450 + 388. Is q composite?
False
Let g(v) = -11*v + 3*v + 3 - 1 - v**3 - 10*v**2. Suppose -3*r + 2 = 3*j + 35, 2*j + 55 = -5*r. Is g(r) a prime number?
True
Suppose 5*w - 21*t = -25*t + 425297, 5*t - 340234 = -4*w. Is w composite?
False
Suppose 38 - 68 = -6*l. Suppose -1733 = -2*o + l*b, 2*b + 3*b = -2*o + 1743. Is o a prime number?
False
Let o(s) = 29*s**2 + 100*s + 85. Is o(-19) composite?
True
Let l be 1285/9 - 30/(-135). Let s = l + -137. Suppose -2*y - s*y = -85304. Is y composite?
False
Let i be ((-12)/(-14))/(71/14 - 5). Let c be (8752/i)/(1/3). Let b = -547 + c. Is b prime?
False
Let q(x) = -11*x - 40. Let l be q(-6). Let r = l - 26. Suppose r = f + 5*y - 955 - 117, 2*y = -5*f + 5337. Is f a composite number?
True
Let l be (1 - (-7 - -3))*-1. Let u be 5/l - -1 - -2. Suppose 2*o + 2*f = 110, -u*f - 66 = -2*o + 44. Is o a composite number?
True
Let z be 0 - (-2 + 11) - -4. Is (-3 - -6)/(z/(-1839 - -4)) prime?
False
Let w be (-28)/(-8)*1/(4/16). Suppose -w*l + 38204 = -18482. Is l composite?
False
Let t be ((-3)/(-12))/(12/48). Is (t/6)/((-1)/3)*-15242 a composite number?
False
Let u(h) = h**3 - 16*h**2 + h - 65. Let f be u(18). Let a = f + 1246. Is a a prime number?
True
Let a(j) = 9*j + 22. Let w be a(-6). Let y be (-4)/(-5)*(-80)/w. Suppose y*m - 916 = -158. Is m a composite number?
False
Let t = -99 + 111. Let a(w) = 28*w - t - 46 - 50*w + 3*w**2. Is a(-14) a composite number?
True
Let l(d) = -26275*d + 45 - 7394*d - 35. Is l(-1) composite?
False
Let j be ((-5 - -4)*6)/((-9)/12). Suppose 50607 + 25321 = j*s. Is s prime?
True
Let n be (-9)/6 + 3805/2. Suppose 2*v - 4*v = -5*z + 9541, 0 = z + 2*v - n. Let k = z + 78. Is k a prime number?
False
Suppose 5*v = 42657 + 101378. Is v prime?
True
Let w(z) = 31*z**2 - 3*z - 1. Suppose -2*g + 2 = -4. Suppose u - 3 = 3*k + g, 0 = 5*u - 2*k + 9. Is w(u) a prime number?
False
Suppose -5*s = -0*s + 30. Let o be (-8394)/(-2) + 4/s*3. Suppose -3*k = 2*z - o, -8524 = -5*k + 5*z - 1549. Is k composite?
True
Let s(b) = 2998*b**3 - 10*b**2 - 15*b + 127. Is s(4) a composite number?
True
Suppose 10*v - 14 = 3*p + 5*v, 5*p = -3*v + 22. Let q = 45 + 199. Suppose 0*s + i - 358 = -3*s, -2*i + q = p*s. Is s a prime number?
False
Let a(c) = 3*c - 22. Let h be a(11). Suppose 22*r - 121 = h*r. Suppose -r*k - 3*k + 434 = 0. Is k prime?
True
Let g be -3 - 1 - (3 - 39). Let p = g - 28. Suppose 0 = q + 3*u - 133, -5*u - 6 = p. Is q a composite number?
False
Suppose -3*j + 100990 = 2*l, -6*l = -10*l + j + 201952. Is l composite?
True
Let r = -345 - -350.